 -2718*z + 2721*z. What is j(z)?
2
Let i(l) = 8*l**2 - 7*l**2 + 3 - l + 9 - 13. Let r = -9 - -12. Calculate i(r).
5
Let x(f) = -4*f**3 + 2*f**2 - 3*f. Let u(i) = -i**3 - i**2. Let c(w) = 3*u(w) - x(w). What is c(4)?
-4
Let t(b) = b + 2. Let n = -70 + 72. Suppose -4 = -m + n. What is t(m)?
8
Let c(m) = 1 + 4*m**2 - 7*m - 3*m**2 - m + 0*m**2. Suppose -5*k + 7 = -2*q + 33, 0 = -4*q + 4*k + 40. What is c(q)?
1
Let i(q) = -2 + 3*q - q**2 + 0 + 0 - q**2. Let y = -873 + 875. Determine i(y).
-4
Let j(w) = w**2 + 8*w + 3. Let y be ((-72)/(-27))/8 - 44/6. What is j(y)?
-4
Suppose -2*v = 4*k - 18, v - 26 + 11 = -4*k. Let c be -3*((-4)/k)/(-1 + 2). Let u(i) = i + 3 + 3 - 5. Calculate u(c).
5
Let o be (-2)/(-7) - 2/7. Let c(u) = -35*u - 43*u + 1 + 119*u + u**2 - 42*u. Calculate c(o).
1
Let j(q) = -3*q - 3. Let t = -44 - -45. Suppose 0 = 4*k + t + 11. Give j(k).
6
Let n(x) = -2*x**2 - 8*x - 6. Let w(a) = -a**3 + 10*a**2 - 12*a - 4. Let o be w(9). Let h = 26 + o. What is n(h)?
-16
Let o(w) = -w + 2. Suppose -2*j - j = 21. Let m be (-20)/j*(-455)/(-26). Suppose -5*v - 10 = -m. Calculate o(v).
-6
Let d(b) be the third derivative of 1/30*b**5 + 1/24*b**4 + 1/6*b**3 + 0 - 18*b**2 + 0*b. Determine d(-1).
2
Let c(t) be the third derivative of t**4/24 + t**3/2 - 71*t**2. What is c(-3)?
0
Let f(q) = -2*q + 12. Suppose 0 = z + 5, 4*r + z - 7 = 12. What is f(r)?
0
Let l(g) = -3*g - 1. Let v be l(-1). Let u(b) = -b**2 + b**2 - v + b - 3*b**2 - b**3. Suppose 22*n = 20*n - 6. What is u(n)?
-5
Let z(g) = g**3 + 2*g**2 - 3*g - 4. Let r be z(-2). Let a(l) = 2*l**2 - l. Give a(r).
6
Let s(j) = -3*j - 1. Let d(a) = -5*a - 1. Let i(v) = -4*d(v) + 7*s(v). Let u = 2683 + -2683. Determine i(u).
-3
Let x be 26/(3 + -1 + -4). Let u be 1*-1 - (-11 - x). Let w(a) = a**2 + 1. Let n(g) = -6*g**2 - 4*g - 7. Let d(m) = -n(m) - 5*w(m). Determine d(u).
-1
Let p be -15*8/(-60) + 4/(-2). Let c(f) = -f**2 + f - 8. Give c(p).
-8
Let x(j) = j**2 + 8*j - 4. Let d be ((-1)/(-5))/((-5)/(-25)). Let h = d - -15. Let s be h/(-10)*(4 + 1). Calculate x(s).
-4
Let o(i) = i**2 + i + 2. Let b(a) = -a**2 + 8*a + 6. Let r(t) = b(t) + 2*o(t). Calculate r(-8).
-6
Let p(s) = 7*s - 9. Let x(f) = 10*f - 13. Let r(y) = 8*p(y) - 5*x(y). What is r(5)?
23
Let q(f) be the second derivative of 1/2*f**3 - 9*f + 0 - 2*f**2 + 1/12*f**4. What is q(-4)?
0
Let d(u) = 2*u**2 + 12. Let k be d(4). Let m be 3*(-6)/(72/k). Let w(r) = -r**3 - 12*r**2 - 10*r + 13. Determine w(m).
2
Let s(v) be the first derivative of 2*v**3/3 + v**2/2 - 2*v + 885. Let y be 0 + (-1)/(1/2). Determine s(y).
4
Let v(r) = 6 - 8*r + 3*r - 7*r + 10*r. What is v(10)?
-14
Let b(x) = -x**2 - 2 + 0*x**2 - 442*x + 221*x + 222*x. Let p = -8 + 12. What is b(p)?
-14
Let y(o) = 5*o. Let u(z) be the third derivative of 7*z**4/12 + z**3/6 - 5*z**2. Let k(c) = 6*u(c) - 17*y(c). Let q be (-40)/(-12)*3/2. Calculate k(q).
1
Let f(j) be the second derivative of -j**5/20 + j**4/12 + j**3/6 - j**2 + j. Let t(i) = i**2 + 5*i - 2. Let q be t(3). Let p = 24 - q. Give f(p).
-4
Let c(k) = -k**3 + 5*k**2 + 2*k - 5. Suppose -l - 2 = -8. Suppose -10*n = -l*n - 20. Give c(n).
5
Let f(a) = 7*a**2 + 3*a - 1. Let w be f(1). Let m(o) = -o + 8. What is m(w)?
-1
Let y(u) = -u**2 - u - 2. Let d(f) = f**3 + 7*f**2 + 2*f - 1. Let n(a) = d(a) + y(a). Suppose q - 5 = 2*q. Give n(q).
17
Let p(k) = 2*k - 3. Suppose 0 = 7*f + 13 - 62. Calculate p(f).
11
Let u(j) = 3*j**3 + 6*j**2 - 10*j + 2. Let a = 24 + -17. Let c = -12 + a. Let p(b) = -4*b**3 - 6*b**2 + 11*b - 1. Let y(h) = c*u(h) - 4*p(h). What is y(5)?
-1
Let p(i) = 3*i + 1. Let u = -547 - -543. What is p(u)?
-11
Let f(c) be the second derivative of c**3/3 - 22*c. Give f(3).
6
Let c(l) = 23*l - 20. Let u be c(1). Let o(g) be the first derivative of g**2/2 + 3*g - 1. What is o(u)?
6
Let a = -15 + 8. Let j(r) be the second derivative of -1/20*r**5 + r**3 + 0 - 1/2*r**4 + r - 3*r**2. What is j(a)?
1
Let c(g) = 2*g**2 + 2*g + 1. Let h(x) = 6*x**2 + x - 4. Let k(s) = 2*c(s) - h(s). Give k(6).
-48
Let a = -53 + 80. Let f = a + -24. Let t(n) = -n**3 + 5*n**2 - 4*n - 1. Calculate t(f).
5
Let k(m) be the second derivative of m**3/2 - 13*m**2/2 + 231*m. Determine k(6).
5
Suppose -h = 4*u - 25, 0 = -2*h - 0 + 10. Let r(n) = -u + 23 + 3*n - n - 4*n. Determine r(12).
-6
Let m(o) = -o**2 - 1. Suppose 0 = g - 5*t + 9, -3*g + t + 3*t = -6. Suppose 2*s - 4 = 0, -3*y + 0 + g = 3*s. What is m(y)?
-1
Suppose 2*n - l - 10 = 0, 12*l + 24 = 4*n + 8*l. Suppose -10*t - 3 = -11*t, n*g + 2*t + 22 = 0. Let a(j) = -j - 9. Determine a(g).
-2
Suppose 0*s + 3*s = 3. Let p(i) = 2*i**3 - 5*i**3 + s + 2*i**3 + 2*i**3 - i**2 - 2*i. Let c = 22 - 24. What is p(c)?
-7
Let r(s) = -2*s + 4. Let q = 15 - 12. Suppose 0 = t + q*t. Suppose 4*y - 12 = -t*y. Determine r(y).
-2
Let u(z) be the first derivative of z**5/20 - z**4/2 + z**3 - 2*z**2 + 11*z - 11. Let k(w) be the first derivative of u(w). What is k(4)?
-12
Let v(y) be the first derivative of y**3/3 + 13*y**2/2 + 45*y - 50. Let k be v(-8). Let g(s) = -2*s**2 + 7*s - 7. Determine g(k).
-22
Let y(z) be the first derivative of 2*z**3/3 - 4*z + 17. Suppose 3*p + 3 = -6. Calculate y(p).
14
Let i(p) be the third derivative of p**7/840 - 7*p**6/360 + p**5/24 + 5*p**4/24 - 8*p**3/3 + 10*p**2. Let h(q) be the first derivative of i(q). Calculate h(6).
-1
Let g(w) = -w**3 + 5*w**2 - 3*w - 2. Suppose -5*l - 20 = 0, -5*q + 3*l + 3 = -29. Give g(q).
2
Let f be 0 - -3 - -50*4/(-10). Let j(n) = n**3 + 17*n**2 - n - 19. Let z be j(f). Let d(c) = -4*c - 1. What is d(z)?
7
Let p be 1/6*(-3 + 15). Let i(q) be the third derivative of -1/120*q**6 + 2/3*q**3 + q**p + 1/20*q**5 + 0*q - 5/24*q**4 + 0. Give i(3).
-11
Let p(s) = 2*s - 21. Let l be p(13). Let q be l + 0 - (5 - 2). Let r(i) = i - 2 - 2*i**3 + 0 - 2*i**2 + 5*i**2. Calculate r(q).
-4
Let a(d) = 3*d**2 - 8*d + 70. Let s(g) = g**2 - 3*g + 35. Let y(p) = -2*a(p) + 5*s(p). What is y(0)?
35
Let h(f) = -f**3 - 5*f**2 + 3*f + 5. Suppose -2*i = 7*q - 3*q + 16, -3*i + 11 = -q. What is h(q)?
-10
Let b(j) = 3*j - 6. Let l(c) = 3 - 3 - c + 6 - 2*c. Let u(w) = -4*b(w) - 3*l(w). What is u(4)?
-6
Let h(m) = -m**3 - 6*m**2 - 2*m - 6. Let c(k) = 7*k + 0*k**2 - 2*k**2 + 0*k + k**2 - 12. Suppose 7*z - 16*z + 54 = 0. Let y be c(z). What is h(y)?
6
Let k be 2 + (3/(-3) - 1). Suppose -f + 4*j + 4 = k, -3*f + 2*j - 4 = -f. Let s(l) = -l**3 - 5*l**2 - 4*l + 4. Calculate s(f).
4
Let s be -35 + 6/(-2) - 0. Let z be (19/s)/(2/4). Let h(c) = 20*c**3. Give h(z).
-20
Let q = 279 - 273. Let t(k) = -k**2 - 8*k + 8. Let y(l) = 6*l**2 + 40*l - 40. Let z(u) = -11*t(u) - 2*y(u). Give z(q).
4
Suppose 2*w = 4*k - 6, w - 3 = -2*k - 10. Let f(y) = 3*y + 10. Determine f(w).
-5
Let z(s) = s**2 + 9*s + 2. Let a = -12 - -14. Suppose -a*l - k - 17 = 0, -3 = l + k + 5. Calculate z(l).
2
Suppose -3*q = 2*v + 24, 8*q + 4*v = 3*q - 42. Let l(r) = r**3 + 6*r**2 + r + 3. Give l(q).
-3
Let h(o) = o**2 + 9*o + 1. Suppose -17*q = -10*q + 56. Calculate h(q).
-7
Let d(p) = 2536*p + 4*p**2 - p**3 + 6 + 2*p**2 - 2544*p. Let w = -10 + 15. What is d(w)?
-9
Let o be -3 + (24/(-32))/(6/(-64)). Let y(w) = -12*w**2 + 62*w - 4. Give y(o).
6
Let j(s) = s**2 - 2*s - 2. Let l be j(3). Let b(h) be the second derivative of 2*h**4/3 - h**3/6 + h**2/2 - 1435*h. Give b(l).
8
Let d(y) be the first derivative of -3*y**2 + 1/3*y**3 - 5 - 4*y. What is d(5)?
-9
Let x(i) = 7 - 2 - 4. Let j(l) = -1 + 0*l**2 + l**2 - 3*l + 4*l - 4*l. Let w(g) = j(g) + x(g). Calculate w(4).
4
Let n(g) = -10*g + 2*g**2 - g**2 + 10121 - 10098. Calculate n(5).
-2
Let v(m) = m**3 + 4*m**2 - 2*m - 6. Suppose l + 17 = 4*h, 4*l - 11 = -4*h + 21. Suppose -5*p - z = 15, l*p + 36 = -p + 4*z. Calculate v(p).
2
Let n(j) be the second derivative of 5*j**3/6 - 3*j**2/2 + 1224*j. Let b = 5 + 0. Suppose -2*k + k + 6 = -3*i, -3*k - 4*i + b = 0. Determine n(k).
12
Let c(g) be the third derivative of g**6/120 + g**5/5 + 5*g**4/12 + 2*g**3 - 7*g**2. Let k be c(-11). Let i(t) = 2*t - 3*t + 24 - k + 4*t. Determine i(1).
4
Let i(x) = 2*x + 5. Let t be i(4). Suppose 0 = 10*q - t*q. Let m(y) = -y**3 - y**2 + y + 15. Give m(q).
15
Let z(t) = t**2 + 7*t + 3. Let f(v) = v**2 + 8*v + 3. Let k(u) = -4*f(u) + 5*z(u). Calculate k(-2).
1
Let c(q) = q**3 + 6*q**2 - q + 8. Let o = 57 + -57. Suppose -14*h + 19*h + 30 =